148288 and 126272?
64
What is the highest common divisor of 803909 and 2755?
551
What is the highest common divisor of 4528 and 22224556?
1132
Calculate the highest common factor of 915280 and 23320.
40
What is the highest common factor of 1572442 and 2022?
674
What is the highest common factor of 40915501 and 22044?
1837
What is the greatest common divisor of 8942 and 3043?
17
What is the greatest common factor of 17770 and 13094713?
1777
Calculate the highest common divisor of 440963 and 7123.
17
Calculate the highest common divisor of 3462 and 169639731.
1731
What is the highest common factor of 786 and 594750873?
393
What is the greatest common factor of 24858 and 2097?
9
Calculate the highest common divisor of 396648 and 23912.
56
Calculate the greatest common divisor of 6862 and 836872.
146
What is the highest common factor of 50358585 and 75?
15
Calculate the highest common divisor of 3109320 and 500.
20
Calculate the greatest common divisor of 3162056 and 38.
38
Calculate the highest common divisor of 95293216 and 320.
32
Calculate the greatest common divisor of 104168302 and 14.
14
What is the greatest common factor of 848 and 350776?
8
Calculate the greatest common divisor of 32846 and 9746.
22
What is the highest common factor of 30 and 32794425?
15
What is the highest common factor of 4813726 and 524?
262
Calculate the greatest common factor of 582661950 and 100.
50
What is the highest common factor of 356190 and 6361630?
3830
What is the greatest common factor of 20 and 21512920?
20
What is the highest common factor of 6044 and 56629258?
3022
Calculate the highest common factor of 165747064 and 1624.
1624
Calculate the greatest common divisor of 7899675 and 67650.
3075
What is the greatest common factor of 112470309 and 126?
63
Calculate the highest common factor of 789874 and 27499.
107
What is the highest common divisor of 352 and 30418976?
32
What is the highest common divisor of 17047376 and 188944?
3856
Calculate the highest common divisor of 7817413 and 2681.
383
What is the highest common factor of 434930 and 1235?
5
Calculate the highest common divisor of 306690 and 46770.
30
Calculate the greatest common divisor of 312 and 915947968.
104
What is the highest common factor of 757918154 and 56?
14
What is the greatest common divisor of 1995316479 and 8307?
8307
Calculate the highest common factor of 1085056947 and 31.
31
Calculate the highest common divisor of 24 and 267547552.
8
Calculate the greatest common factor of 803211 and 57.
3
Calculate the highest common divisor of 9416 and 221857438.
2354
What is the greatest common divisor of 203651169 and 771?
771
What is the greatest common divisor of 205 and 541897?
41
What is the highest common divisor of 1691 and 212176?
89
Calculate the greatest common divisor of 3964 and 119192.
4
What is the greatest common divisor of 444224473 and 22?
11
Calculate the highest common factor of 124 and 2168884.
124
Calculate the greatest common divisor of 223955 and 2620.
5
Calculate the highest common factor of 171610 and 50.
10
What is the greatest common divisor of 166893675 and 2550?
1275
Calculate the greatest common factor of 246618632 and 608.
152
Calculate the highest common divisor of 4326 and 49890.
6
What is the highest common divisor of 4 and 3951124?
4
Calculate the highest common factor of 7711913 and 12776.
1597
Calculate the highest common factor of 16279 and 49421.
73
Calculate the greatest common divisor of 39648400 and 7700.
1100
What is the highest common factor of 17009979 and 435?
87
Calculate the greatest common factor of 9470020 and 46460.
460
What is the highest common divisor of 2328 and 27270483?
291
Calculate the highest common factor of 140 and 4102700.
140
Calculate the highest common factor of 1152 and 6111360.
1152
Calculate the greatest common factor of 68524348 and 204.
68
Calculate the highest common divisor of 613 and 86045584.
613
Calculate the greatest common divisor of 2144 and 1362592.
32
Calculate the greatest common factor of 4018 and 23840434.
82
What is the greatest common factor of 3319151 and 1210?
121
What is the highest common divisor of 52619 and 31654?
7
Calculate the greatest common divisor of 85389432 and 1104.
552
Calculate the highest common divisor of 190865 and 12980.
295
What is the highest common divisor of 1458864 and 8976?
528
Calculate the greatest common factor of 14235 and 3179515.
365
Calculate the greatest common divisor of 7937141 and 2.
1
What is the highest common divisor of 1247115 and 69935?
355
What is the highest common factor of 71392690 and 3844?
1922
Calculate the highest common divisor of 4477440 and 2968.
424
Calculate the greatest common factor of 972 and 1127772.
36
Calculate the greatest common divisor of 1 and 826613.
1
What is the highest common divisor of 2175227 and 7313?
71
Calculate the highest common factor of 44326 and 1939562.
1198
What is the greatest common divisor of 1995 and 54085305?
285
What is the highest common divisor of 90 and 59837064?
6
What is the highest common factor of 166300 and 12400?
100
Calculate the greatest common factor of 7470 and 94986.
18
Calculate the greatest common factor of 166770972 and 63.
9
What is the greatest common divisor of 757071 and 52521?
1281
What is the greatest common divisor of 5346 and 28898694?
1782
What is the greatest common divisor of 426 and 1438373238?
426
Calculate the highest common factor of 44384470 and 110.
10
What is the greatest common divisor of 687 and 21140135?
229
Calculate the greatest common factor of 7513 and 1852296.
683
What is the greatest common divisor of 21 and 3937136910?
21
What is the greatest common factor of 3053 and 142639?
71
Calculate the greatest common factor of 1600431 and 20349.
357
Calculate the highest common factor of 100872 and 157483608.
11208
What is the greatest common factor of 24 and 77182008?
24
Calculate the highest common factor of 19968 and 702698880.
4992
What is the highest common factor of 4 and 4408468?
4
Calculate the greatest common divisor of 25048 and 4874967.
3131
What is the highest common factor of 250 and 109932470?
10
What is the greatest common divisor of 1584696 and 6?
6
Calculate the highest common divisor of 3146094 and 378.
378
What is the greatest common factor of 151334 and 7174?
34
What is the highest common factor of 12468120 and 336?
168
Calculate the highest common divisor of 99 and 13703349.
33
What is the greatest common divisor of 407348065 and 145?
145
Calculate the greatest common factor of 3920 and 1122148.
4
What is the highest common divisor of 148 and 5438149?
37
What is the greatest common divisor of 17023240 and 456?
152
Calculate the highest common divisor of 1197 and 385371.
63
Calculate the highest common factor of 204216 and 20703.
201
Calculate the highest common factor of 54 and 27367065.
27
What is the greatest common divisor of 691527 and 309?
3
What is the greatest common factor of 287960 and 9527520?
920
Calculate the highest common factor of 10150 and 1616950.
50
Calculate the highest common factor of 76 and 1135672028.
76
What is the highest common factor of 6307 and 64634507?
371
What is the greatest common factor of 12 and 82305924?
12
Calculate the highest common factor of 30505724 and 4268.
388
What is the highest common divisor of 750752 and 440568?
232
Calculate the highest common divisor of 291248 and 432.
16
What is the highest common factor of 9724114 and 1494?
166
What is the highest common factor of 699154576 and 394?
394
What is the highest common divisor of 4047430 and 4810?
370
What is the greatest common factor of 17508366 and 379998?
1674
Calculate the greatest common divisor of 8856 and 1486404.
108
What is the greatest common factor of 1810436 and 1002132?
4124
Calculate the highest common divisor of 13890890 and 3250.
130
Calculate the greatest common factor of 1126 and 41969398.
1126
Calculate the greatest common factor of 268213401 and 11163.
11163
What is the highest common factor of 1831528 and 52?
4
What is the greatest common factor of 2185960 and 4110280?
8440
Calculate the highest common divisor of 6253 and 2116844.
37
Calculate the greatest common divisor of 9480 and 20122880.
3160
What is the highest common divisor of 383234179